*y**2 + 27*y + 17. Give t(j).
53
Let m be ((-264)/(-10) + 4/(-10))/(1342/(-671)). Let v(l) = -l**2 - 16*l - 26. Determine v(m).
13
Let q(r) = -6*r + 20. Let p(b) = -b - 1. Let k(z) = 5*z. Let t(w) = k(w) + 4*p(w). Let i(v) = 2*q(v) + 11*t(v). Suppose 85*j + 94*j - 238 = 145*j. Give i(j).
-11
Suppose -5*k - f + 17 = -4*f, 2*k - 3 = 5*f. Suppose -k*t = -43*t + 156. Let d(o) = -1 + 1 + 4 + o. Give d(t).
8
Suppose 8*q - 56 = -16. Let i be 55/q*(5 - 4). Let l(g) = -g**3 + 11*g**2 + g - 9. Determine l(i).
2
Let r(b) = -2*b - 8*b + 6*b + 0*b + 5. Let v(u) = -u**3 + 27*u**2 + u - 21. Let m be v(27). What is r(m)?
-19
Suppose -5*b = 4*c - 55, 7*c = 2*c + 2*b + 44. Let i(t) = -2 + c - 2*t - t. Suppose 71 = -3*w - j + 83, 0 = 7*w + 3*j - 22. What is i(w)?
-13
Let h(l) = -1510*l + l**3 - 1489*l + 2*l**2 + 5 + 3001*l. Determine h(-5).
-80
Suppose -5*z = -6*z + 5. Suppose -2*m - 3*i - 22 = -2*i, -5*m - 40 = -z*i. Let j(n) = -n**3 - 9*n**2 + 11*n + 11. Give j(m).
1
Let b(z) = -2*z**2 - 8*z - 11. Suppose 0 = l + 2, -3*s - 28 = 4*l + 4. Determine b(s).
-75
Let i(f) be the third derivative of f**7/2520 + f**6/720 + f**5/24 - 55*f**4/12 - 159*f**2. Let d(m) be the second derivative of i(m). What is d(0)?
5
Let l be (3/3 - -2) + 1. Suppose -3*b + 2*c = -16, c - l + 0 = 0. Let s(t) be the second derivative of t**3/6 - 4*t**2 + 47*t. Determine s(b).
0
Let j(a) = -a**3 - a**2 - 6*a - 8. Let x = 209 - 209. Let l be j(x). Let i(d) = d**3 + 8*d**2 + d - 3. Give i(l).
-11
Let a(m) be the first derivative of 7*m**2/2 - 6*m - 285. Let o(i) = -13*i + 10. Let j(b) = -11*a(b) - 6*o(b). Determine j(7).
13
Let j(d) be the third derivative of d**4/24 - 2*d**3/3 - 2*d**2 + 330. Let v(o) = -o**3 + 2*o**2 + 2*o + 3. Let w be v(3). Suppose w = -t - 5. Give j(t).
-9
Let a(u) = 109*u + 649. Let y = -34741 + 34735. What is a(y)?
-5
Let s(i) be the first derivative of -2*i**2 + 88*i + 222. What is s(23)?
-4
Let f(b) = b**3 + 3*b**2 - b + 1. Suppose 5*y - 13*y + 40 = 0. Suppose y*q - 8 + 3 = -5*a, 5*q - 5*a = -45. What is f(q)?
-11
Let q(h) = h**2 + 4*h + 7. Let b be (-3)/(-5) - 1401/(-15). Suppose -121 = -5*v - 2*y, -2*v - 2*v - 3*y + b = 0. Let t = v + -30. Calculate q(t).
12
Let y(l) = l**3 - 11*l**2 + 10*l - 6. Let r be (4 + -1)*846/54. Let k be (r + -5)/3 - 4. Determine y(k).
-6
Let c be 1 + 1 + -2 + (-1360)/272. Let v(p) = p - 4. Determine v(c).
-9
Let q(b) = 4447*b**3 - 1110*b**3 - 14*b**2 - 14*b - 1117*b**3 - 1108*b**3 - 1113*b**3 - 29. What is q(-13)?
-16
Suppose -5*u - 4*a = -32, 4*a - 38 + 26 = 0. Let c(i) = 8*i - u*i - 10 - 5*i. What is c(-15)?
5
Let d(h) = -4*h - 15. Let a(r) = r**3 - 7*r**2 + 6*r - 48. Let z be a(7). Determine d(z).
9
Let j(o) = -4*o - 44. Let g(u) = 16*u + 234. Let b(c) = 3*g(c) + 14*j(c). Calculate b(11).
-2
Let z(q) = -q**2 + 12*q + 8. Let t be (-6)/(-5)*(-7)/(14/(-20)). Suppose -22*k = -t*k - 120. Calculate z(k).
8
Let v(k) = -k**2 + 12*k - 46. Let i(s) = 2*s**3 + 93*s**2 + 46*s + 7. Let x be i(-46). What is v(x)?
-11
Suppose 15 = -v - 3*g + 7, 0 = 3*v - g - 6. Let p(n) = 5*n**2 - 2*n + 1. Let z(q) = 25*q**2 - 11*q + 5. Let a(w) = 11*p(w) - 2*z(w). What is a(v)?
6
Let h(u) = -u**3 + 8*u**2 + 31*u + 13. Let i(x) = x**2 + 101*x + 1229. Let y be i(-14). Give h(y).
-9
Let n(u) = 19*u**3 - 19*u**2 - 9*u - 7. Let m(z) = -12*z**3 + 12*z**2 + 6*z + 4. Let r(j) = -8*m(j) - 5*n(j). What is r(3)?
12
Suppose -2916 + 2816 = -20*t. Let i(b) be the first derivative of 5 + 1/3*b**3 - 5/2*b**2 + t*b. What is i(4)?
1
Let p(n) be the first derivative of n**4/4 - 7*n**3 - 11*n**2 - 52*n - 1986. Give p(22).
-52
Let c be ((-5)/20)/((-4)/48). Let k = 80 - 77. Let i(o) = -c + 5 - 6 - 2*o + o**k + 5*o**2. What is i(-5)?
6
Let y(z) = -6*z + 30. Let w(d) = -d - 2*d + 6 + 2*d. Let b(x) = -11*w(x) + 2*y(x). Suppose 0 = 17*g + 34*g. Calculate b(g).
-6
Let t = 7219 - 7218. Let k(v) = -6*v. Let a(s) = -12*s + 1. Let f(w) = 2*a(w) - 5*k(w). Determine f(t).
8
Let y(s) = 4*s**2 - 3*s + 6. Let i be ((1/11)/((-3)/(-6)))/((-131)/(-2882)). What is y(i)?
58
Let s(z) be the first derivative of 0*z - 5/6*z**3 + 25 - 5*z**2 - 1/24*z**4. Let b(t) be the second derivative of s(t). Determine b(-5).
0
Let v(f) = -f**3 + 4*f**2 - 9*f + 2. Let g(h) = -h**3 + 3*h**2 - 10*h. Let z(d) = 3*g(d) - 4*v(d). Let o = -314 - -320. Give z(o).
-8
Let z be (1/3)/((-8)/216) - -1. Let c(m) be the second derivative of 0 + 6*m - m**2 - 1/6*m**3. Determine c(z).
6
Let c(t) = -t**2 - t - 2. Let n(v) = v - 1. Let l be n(-2). Let p be (11/(165/42))/(l/15). Let i = -16 - p. Determine c(i).
-4
Let h(i) = i**3 - 23*i**2 + 21*i + 24. Let w be h(22). Let b(v) = 3*v**2 - 5*v - 3 - 2*v**w + 6. What is b(7)?
17
Suppose 0 = -27*b + 29*b - 9*b - 14. Let v(k) be the third derivative of -5*k**4/12 + k**3/3 - 12*k**2. Give v(b).
22
Let a(q) be the third derivative of -q**4/24 - 4*q**3/3 - 87*q**2. Let y(h) = 2*h**2 + 27*h - 22. Let v be y(-14). Calculate a(v).
0
Let t(k) be the first derivative of 11*k**3/3 - 5*k**2 + 4*k + 6808. Give t(1).
5
Suppose 9 = u + 4*x, -11*u + 33 = -9*u + 3*x. Suppose o - u = -2*s, 5*o = 10*o - 15. Let q(z) = z**3 - 8*z**2 - 9*z + 8. Determine q(s).
8
Suppose 2*p + a - 19 = -4*a, -2*a + 23 = 3*p. Let y be ((-15)/135)/(1/(-9))*p. Let k(d) = -d - 8. Calculate k(y).
-15
Let x be (14 - 506/44)*(-68)/(-5). Let h(z) = -z**3 + 34*z**2 - z - 33. Calculate h(x).
-67
Let n(f) = -3*f + 42. Let z be n(15). Let v be 7 + (-2 - z)*-8. Let x(k) = 8*k + 1. Calculate x(v).
-7
Let y = 41 - 23. Let n be y/12*(-24)/(-9). Let k(o) = 2*o**2 - o + 6. Let q(m) = m**2 - m + 2. Let l(r) = -2*k(r) + 5*q(r). What is l(n)?
2
Let g(i) = i**2 + 21*i - 9. Let t(v) = -v**2 - 198*v + 3632. Let u be t(17). Calculate g(u).
37
Let i(j) = 2*j**3 - 12*j**2 + 10*j + 7. Let g be (219/73 + (1 - (-7)/(-3)))*3. Determine i(g).
7
Suppose 27186*p - 2483 = 26995*p. Let r(g) = g**2 + g + 1. Let q(t) = -t**2 - 16*t + 13. Let i(s) = -q(s) - 2*r(s). What is i(p)?
-2
Let l(y) be the third derivative of -7*y**5/60 + y**3/6 + 4*y**2. Suppose 2*k - r + 11 = 0, k = 3*k + 2*r + 26. Let z be (6/k + (-2)/8)/(-1). Calculate l(z).
-6
Let h(u) = u**3 - 9*u**2 - 55*u + 43. Let n be h(13). Let f(i) be the third derivative of -1/24*i**n - 1/6*i**3 + 0 - 18*i**2 + 0*i. Calculate f(6).
-7
Let s(b) be the third derivative of 1/12*b**4 + 7/6*b**3 - 234*b**2 + 0 + 0*b. Determine s(-5).
-3
Let l(s) = -s**3 - s**2 - 2*s + 3. Suppose 1 = -3*a - 2. Let p(g) = -8*g + 1. Let f be p(a). Suppose -t - f = -3*h, -6*t + 2*t = -h + 14. Determine l(h).
-13
Let v(l) be the second derivative of -l**3/2 + 5*l. Suppose 5*a + 5*m + 24 = -1, -m - 3 = 0. What is v(a)?
6
Suppose -17 = -5*s + 28. Let j be ((-3)/s)/(50/(-24) + 2). Let k(b) = -b**3 + 3*b**2 + 2. Determine k(j).
-14
Let t(v) be the second derivative of -v**3/3 - 7*v**2/2 + 9*v + 14. Let q = -8 + 2. What is t(q)?
5
Suppose 2*q - k = 26, -q - 26 = -3*q - 4*k. Let g(v) = v**2 - 14*v - 18. Determine g(q).
-31
Let v = 93 + -60. Let d = v + -31. Let f be 3/d + (-247)/38. Let n(y) = -y**3 - 4*y**2 + 6*y + 6. Determine n(f).
1
Let h(l) be the second derivative of -19*l**3 + 283*l**2 + 383*l - 9. What is h(5)?
-4
Suppose 67*d + 107 = -103 + 9. Let t(r) = -r**2. Calculate t(d).
-9
Let t be 10 + (8/(-1) - (47 + -51)). Let v(k) = k**2. Let a(o) = -7*o**2 + 6*o - 4. Let i(j) = -a(j) - 6*v(j). Determine i(t).
4
Let j(p) be the first derivative of 1/4*p**4 + 78 - 2*p**3 - 5*p - 5/2*p**2. Determine j(7).
9
Let x(j) = -16*j - 95. Let y be 2/(4/((-60)/5)). Let c be x(y). Let f(i) = -7*i - 1. Give f(c).
-8
Let s(x) be the first derivative of x**6/72 - 36*x**3 + 19. Let n(f) be the third derivative of s(f). Give n(-1).
5
Let j be (6/(-4))/(7/(-28)). Let m be 6/(-1) - -2*9/j. Let v(t) = -4*t**2 + 4 - t**3 - 2 + 0 + 0. Calculate v(m).
-7
Let p(a) = 5*a**2 + 6*a + 4. Let u be 3/(190/20 + -11). What is p(u)?
12
Let h(d) = 16*d + 94. Suppose 219 + 129 = 452*y - 510*y. What is h(y)?
-2
Let t(m) = -4*m + 38. Suppose -4*s = 2*b - 40, 2*b + 5*s - 10 = 35. Give t(b).
-2
Let z be (-4)/10 + (-34)/(-10). Let x(j) = 7*j**3 - 9*j**2 + 72*j + 3. Let y(r) = 10*r**3 - 13*r**2 + 101*r + 5. Let i(s) = -7*x(s) + 5*y(s). Give i(z).
16
Let z(s) = s**2 - 46*s - 36. Let w = -6686 - -6733. Give z(w).
11
Let n be (-18)/3*749/642. Let u(b) = 8*b + 34. Calculate u(n).
-22
Let 